 = 962 + -911. What is the remainder when 98 is divided by h?
47
Let m be ((-1)/(-1))/((-38)/10 - -4). Suppose 2*x = 2, -m*j + 8 = x - 128. Calculate the remainder when 94 is divided by j.
13
Let w be (-5)/10*((-808)/2)/(-2). Let k = -82 - w. What is the remainder when k is divided by 4?
3
Suppose 5*p + 184 = 199. Let c be 1*2 + (-1 - -1). Calculate the remainder when 86 + ((-6)/p)/c is divided by 22.
19
Let b = 75 + -34. Let j = 92 - b. What is the remainder when j is divided by 13?
12
Suppose 54 = 3*q + 5*s, 4*s - 16 = -4*q + 48. Calculate the remainder when 33 is divided by q.
7
Let d(u) = 3*u**2 + 18*u - 50. What is the remainder when d(-10) is divided by 13?
5
Suppose 4 = -4*b + 6*b. Suppose -3*w + 0*j + j = -2, -w - b*j = 4. Suppose 2*d + 3*x + 20 = 3*d, -x - 4 = w. Calculate the remainder when 30 is divided by d.
6
Suppose -3 = 3*m + 6, -5*c + 3*m = -109. What is the remainder when 76 is divided by c?
16
Suppose z - 3*c - 15 = 0, -2*c + 84 = 7*z + 2. What is the remainder when 118 is divided by z?
10
Suppose 17 - 62 = -3*m. Let v = 79 - m. Let j = -46 + v. What is the remainder when 53 is divided by j?
17
Let j = 34 + 444. Calculate the remainder when j is divided by 10.
8
Suppose -264 = 4*j + 5*g, g = 2*j + 3*g + 132. Let u = j - -114. Let w(i) = -i**3 - 10*i**2 - 11*i - 5. What is the remainder when u is divided by w(-9)?
9
Suppose -101*a = 4989 - 112150. Calculate the remainder when a is divided by 18.
17
Let p be 4/(-6) - (-12)/18. Suppose x + 2 - 27 = p. Let s = x - 3. What is the remainder when 87 is divided by s?
21
Let q = -6 - 21. Let y(s) = 10*s**3 - s**2 - 2*s + 1. Let u be y(2). Let c = u + q. Calculate the remainder when c is divided by 12.
10
Suppose 21*n - 172 = 17*n. Let x = -7 + 6. Let a(l) = 23*l**2. Calculate the remainder when n is divided by a(x).
20
Let n(g) be the third derivative of g**4/2 - 5*g**3/6 + 11*g**2. Calculate the remainder when 19 is divided by n(1).
5
Let h(o) = 24*o**2 + 1. Suppose 8*a - 270 = 2*a. Suppose 0*i + 5*z = 2*i - 88, 2*z + a = i. What is the remainder when i is divided by h(-1)?
24
Suppose -x = 3*m - 13, -3*m = -2*x - 15 + 5. Suppose 5*t = -5*q + 305, 2*q + m*t - 23 = 97. Calculate the remainder when q is divided by 250/12 + 1/6.
20
Let y(r) = 5*r**2 + 3*r - 5. Calculate the remainder when y(3) is divided by 32.
17
Suppose -161 = 3*u + z, 2*u + 4*z + 94 = -0*u. Let j = 79 + u. What is the remainder when 141 is divided by j?
21
Suppose -3*o - 24 = -30. Suppose -4*b + 442 = -o*a, b - 3*a = 4*b - 327. What is the remainder when b is divided by 38?
34
Let f(x) = 7*x + 9 - 2 + 8*x**2 + x**2. Calculate the remainder when f(-3) is divided by 18.
13
Let o(q) = -61*q**3 - q**2 + q - 5. Let j(b) = -61*b**3 - b**2 - 6. Let d(y) = 3*j(y) - 4*o(y). What is the remainder when d(1) is divided by 31?
29
Let o(x) = -x**3 - 2*x**2 - x - 3. Calculate the remainder when 18 - (-11)/((-11)/2) is divided by o(-3).
7
Suppose -2*d = 0, g - 3*d - 151 = -0*g. Suppose 162 = 3*a + 111. Calculate the remainder when g is divided by a.
15
Suppose 50 = 6*j - 520. Suppose -a - j = -6*a. What is the remainder when a is divided by 5?
4
Suppose 33*f = 34*f - 322. Suppose 4*j - f = 2. Let p(a) = a**2 - 2*a + 4. What is the remainder when j is divided by p(-4)?
25
Suppose 0*f - 2*f + 234 = 0. Suppose 3*z = 6, -95 - 19 = -4*y + 3*z. What is the remainder when f is divided by y?
27
Let a(d) = -2*d**3 - 61*d**2 - 29*d + 100. What is the remainder when 138 is divided by a(-30)?
68
Suppose 5*w - 3*w = 6. Let g(t) = 13*t + 4. What is the remainder when g(0) is divided by w?
1
Let r = 56 + -32. Suppose -8*x = -4*x - r. Calculate the remainder when x is divided by 1.
0
What is the remainder when 97 is divided by (-26)/(-104) - 259/(-4)?
32
Suppose 3*h = -2*s - 0 + 7, 4*s = -5*h + 17. Let a = -27 + 56. What is the remainder when a is divided by s?
5
Suppose 2*j + 2*d - 50 = -0*j, -2*j + d + 38 = 0. Let x = j - 11. What is the remainder when x is divided by 6?
4
What is the remainder when 996 is divided by 2/(225/(-243) - -1)?
24
Let f be (-16)/2 - (-3 - (-1 + 2)). Let b = 8 + f. What is the remainder when 32 is divided by b?
0
Let j = 15 - -6. Let m(v) be the first derivative of -v**4/4 + 10*v**3/3 - 5*v**2/2 + 4*v - 4. What is the remainder when m(9) is divided by j?
19
Let f be (-8 + -1)*(-1)/3. Let p = 17 - f. What is the remainder when 55 is divided by p?
13
Let r(p) = 0*p - 10 - 3*p - 2*p - 14*p. Calculate the remainder when r(-7) is divided by 31.
30
Let i(u) = u**3 + 7*u**2 + 4*u - 5. Let d be i(-6). Suppose 2*x - 1 = -d. What is the remainder when 17 is divided by (-2)/(-6) - 14/x?
2
Suppose -11*h - 24 = -p - 10*h, 0 = -p + 3*h + 22. What is the remainder when 72 is divided by p?
22
Let p(w) = -9*w**2 - 4*w - 5. Let i be p(-3). Let v = 82 + i. What is the remainder when 62 is divided by v?
6
Let b(a) = 6*a**2 - 2*a - 14. What is the remainder when 319 is divided by b(-3)?
43
Let c be (-12)/(-20) - 21/(-15). Suppose 2*l = -c*l + 172. What is the remainder when l is divided by 15?
13
Suppose 13*x = 12*x + 302. What is the remainder when x is divided by 77?
71
Let y = 54 - 52. Calculate the remainder when 44 - (12/2)/y is divided by 23.
18
Let z = 129 + -85. Suppose -5*h - 2*t = -125, h - 5*t - 15 = 10. Calculate the remainder when z is divided by h.
19
Let t = 24 + -86. Suppose -5*l + 8*l = -2*d + 213, -4*d + 401 = l. What is the remainder when d is divided by 3 - t/4*2?
31
Let c(o) = -20*o - 3. Let b be (-2)/4*(-4)/1. Let y be b*-1*(-3)/(-6). What is the remainder when c(y) is divided by 9?
8
Let l = 71 + -41. Calculate the remainder when 507 is divided by l.
27
Let s = 40 - 18. Let r be (-3 + -2 + 1)/(-1). Suppose 0 = -2*p + w + 4*w + 31, -9 = -p - r*w. Calculate the remainder when s is divided by p.
9
Suppose -2*v = k - 97, 0 = -3*v - 6*k + 2*k + 153. Suppose -p + 3*p + 2*q = -122, 8 = 2*q. Calculate the remainder when v is divided by (-1079)/p - (-3)/(-5).
15
Let q be (-327)/9 - (-2)/6. Let g = -26 - q. What is the remainder when g is divided by 7?
3
Let d(q) = 26*q + 12. Suppose 3*s = 7 + 8. Calculate the remainder when d(s) is divided by 36.
34
What is the remainder when (-1 + 367/4)/((-63)/(-168)) is divided by 61?
59
Let m be -4 + 1/(-6) + (-375)/(-90). Suppose m = 4*o, -4*z - 5*o + o = -192. Calculate the remainder when z is divided by 7.
6
Let c = 187 + 5. Calculate the remainder when c is divided by 22.
16
Suppose 0 = -y + 3*y - 20. Let m(p) = -p**3 + 10*p**2 + 5*p - 6. Suppose -9*b + 4*b + 94 = 3*v, 5*v - b = 110. What is the remainder when m(y) is divided by v?
21
Suppose -4*o - 127 = -3*l, -17*o = -12*o + 20. Calculate the remainder when l is divided by 19.
18
Let l(k) = 9*k - 36. Let c be l(5). Let q(b) = -b**3 + 12*b**2 - 7*b - 6. Calculate the remainder when q(c) is divided by 35.
34
Let p be (0 - 7/7)/(1/37). Let d be (-2)/(-3) - 316/(-3). Let u = d + p. What is the remainder when u is divided by 24?
21
Calculate the remainder when 220 is divided by (-4)/6 + 350/21.
12
Suppose 2*h - 13*l + 9*l = 280, -2*l = 4*h - 520. Calculate the remainder when h is divided by 58.
16
Suppose w - 25 = 14. Calculate the remainder when 4*-2 - (-5000)/25 is divided by w.
36
Calculate the remainder when (-30 + 27)/((-1)/82) is divided by 32.
22
Let h(v) = 4*v**2 + v. Let s be -2*39/12*-2. Suppose -2*r - s = -5*y - 5*r, -5*r + 13 = 4*y. What is the remainder when h(y) is divided by 5?
3
Let u(p) = p**3 - 2*p**2 + 3*p - 2. Let y = 393 + -381. What is the remainder when y is divided by u(2)?
0
Let f = -2241 + 2271. Calculate the remainder when 148 is divided by f.
28
Suppose 2*f + 160 = 7*f. Let q = -69 + f. Let b = q - -59. What is the remainder when 85 is divided by b?
19
Suppose -2*i + d + 490 = 2*i, 3*i - d - 368 = 0. What is the remainder when i is divided by 32?
26
Suppose -3*k - 4 + 13 = -2*b, b + 4*k - 23 = 0. Suppose -2*q + 1 = b*h - 4, -2*h - 3*q = 0. What is the remainder when 30 is divided by h?
0
Let p = -6 + 0. Let g(q) = -4*q - 15. What is the remainder when (-24)/2*22/p is divided by g(-6)?
8
Suppose -3*m + 1 = -3*c + 4*c, 0 = 5*c + 4*m - 49. Let n = c + -13. Suppose n = -2*h + 3*h - 10. What is the remainder when h is divided by 3?
1
Let v(g) = -14*g + 0*g - 7 - 8*g + 17. Calculate the remainder when v(-6) is div